{"id":47,"date":"2023-08-18T17:13:56","date_gmt":"2023-08-18T15:13:56","guid":{"rendered":"https:\/\/fofo-velo.com\/?page_id=47"},"modified":"2023-08-23T09:35:21","modified_gmt":"2023-08-23T07:35:21","slug":"michel-forestier","status":"publish","type":"page","link":"https:\/\/fofo-velo.com\/?page_id=47","title":{"rendered":"Michel Forestier"},"content":{"rendered":"\t\t<div data-elementor-type=\"wp-page\" data-elementor-id=\"47\" class=\"elementor elementor-47\" data-elementor-post-type=\"page\">\n\t\t\t\t\t\t<section class=\"elementor-section elementor-top-section elementor-element elementor-element-84ccdd4 elementor-section-boxed elementor-section-height-default elementor-section-height-default\" data-id=\"84ccdd4\" data-element_type=\"section\" data-e-type=\"section\">\n\t\t\t\t\t\t<div class=\"elementor-container elementor-column-gap-default\">\n\t\t\t\t\t<div class=\"elementor-column elementor-col-100 elementor-top-column elementor-element elementor-element-6fc7ecc\" data-id=\"6fc7ecc\" data-element_type=\"column\" data-e-type=\"column\">\n\t\t\t<div class=\"elementor-widget-wrap elementor-element-populated\">\n\t\t\t\t\t\t<div class=\"elementor-element elementor-element-54e3f58 elementor-widget elementor-widget-heading\" data-id=\"54e3f58\" data-element_type=\"widget\" data-e-type=\"widget\" data-widget_type=\"heading.default\">\n\t\t\t\t<div class=\"elementor-widget-container\">\n\t\t\t\t\t<h2 class=\"elementor-heading-title elementor-size-default\">Michel Forestier<\/h2>\t\t\t\t<\/div>\n\t\t\t\t<\/div>\n\t\t\t\t\t<\/div>\n\t\t<\/div>\n\t\t\t\t\t<\/div>\n\t\t<\/section>\n\t\t\t\t<section class=\"elementor-section elementor-top-section elementor-element elementor-element-44fdd599 elementor-section-content-middle elementor-reverse-mobile elementor-section-boxed elementor-section-height-default elementor-section-height-default\" data-id=\"44fdd599\" data-element_type=\"section\" data-e-type=\"section\">\n\t\t\t\t\t\t<div class=\"elementor-container elementor-column-gap-no\">\n\t\t\t\t\t<div class=\"elementor-column elementor-col-50 elementor-top-column elementor-element elementor-element-1515c7a1\" data-id=\"1515c7a1\" data-element_type=\"column\" data-e-type=\"column\">\n\t\t\t<div class=\"elementor-widget-wrap elementor-element-populated\">\n\t\t\t\t\t\t<div class=\"elementor-element elementor-element-1afb5dcb elementor-widget elementor-widget-text-editor\" data-id=\"1afb5dcb\" data-element_type=\"widget\" data-e-type=\"widget\" data-widget_type=\"text-editor.default\">\n\t\t\t\t<div class=\"elementor-widget-container\">\n\t\t\t\t\t\t\t\t\t<p>Pionnier du VTT dans le Jura, FOFO \u00ab Michel FORESTIER \u00bb<\/p><p>aime partager cette passion du VTT et du ski de fond dans cet environnement particuli\u00e8rement adapt\u00e9 du Massif du Jura.<\/p><p>Premier Fran\u00e7ais de l\u2019histoire du Mountain Bike, \u00e0 obtenir le titre de \u00ab Champion du Monde de VTT \u00bb en 1987 \u00e0 Villard de Lans. Et une deuxi\u00e8me fois en 1988 \u00e0 Aminona en Suisse.<\/p><p>Il organise beaucoup de manifestations VTT, et autres randonn\u00e9es ou comp\u00e9titions et cr\u00e9e la d\u00e9sormais c\u00e9l\u00e8bre \u00ab LA FORESTIERE \u00bb.<\/p><p>Avec la FFC, il met en place les comp\u00e9titions longues distances.<\/p><p>Dans le m\u00eame temps, il d\u00e9veloppe le club \u00ab VTT MASSIF JURA \u00bb avec l\u2019\u00e9cole VTT pour les plus jeunes. De nombreux pilotes issus de ce club se sont distingu\u00e9s sur les comp\u00e9titions r\u00e9gionales ou nationales.<\/p><p>Il est accompagnateur VTT et SKI de Fond<\/p>\t\t\t\t\t\t\t\t<\/div>\n\t\t\t\t<\/div>\n\t\t\t\t\t<\/div>\n\t\t<\/div>\n\t\t\t\t<div class=\"elementor-column elementor-col-50 elementor-top-column elementor-element elementor-element-751b9bc7\" data-id=\"751b9bc7\" data-element_type=\"column\" data-e-type=\"column\">\n\t\t\t<div class=\"elementor-widget-wrap elementor-element-populated\">\n\t\t\t\t\t\t<div class=\"elementor-element elementor-element-2485d615 elementor-widget elementor-widget-image\" data-id=\"2485d615\" data-element_type=\"widget\" data-e-type=\"widget\" data-widget_type=\"image.default\">\n\t\t\t\t<div class=\"elementor-widget-container\">\n\t\t\t\t\t\t\t\t\t\t\t\t\t\t\t<img fetchpriority=\"high\" decoding=\"async\" width=\"912\" height=\"1072\" src=\"https:\/\/fofo-velo.com\/wp-content\/uploads\/2023\/08\/88-Photo-fofoBertin1.jpg\" class=\"attachment-full size-full wp-image-62\" alt=\"\" srcset=\"https:\/\/fofo-velo.com\/wp-content\/uploads\/2023\/08\/88-Photo-fofoBertin1.jpg 912w, https:\/\/fofo-velo.com\/wp-content\/uploads\/2023\/08\/88-Photo-fofoBertin1-255x300.jpg 255w, https:\/\/fofo-velo.com\/wp-content\/uploads\/2023\/08\/88-Photo-fofoBertin1-871x1024.jpg 871w, https:\/\/fofo-velo.com\/wp-content\/uploads\/2023\/08\/88-Photo-fofoBertin1-768x903.jpg 768w\" sizes=\"(max-width: 912px) 100vw, 912px\" \/>\t\t\t\t\t\t\t\t\t\t\t\t\t\t\t<\/div>\n\t\t\t\t<\/div>\n\t\t\t\t\t<\/div>\n\t\t<\/div>\n\t\t\t\t\t<\/div>\n\t\t<\/section>\n\t\t\t\t<section class=\"elementor-section elementor-top-section elementor-element elementor-element-5b2a0a2 elementor-section-boxed elementor-section-height-default elementor-section-height-default\" data-id=\"5b2a0a2\" data-element_type=\"section\" data-e-type=\"section\">\n\t\t\t\t\t\t<div class=\"elementor-container elementor-column-gap-default\">\n\t\t\t\t\t<div class=\"elementor-column elementor-col-50 elementor-top-column elementor-element elementor-element-57715ff\" data-id=\"57715ff\" data-element_type=\"column\" data-e-type=\"column\">\n\t\t\t<div class=\"elementor-widget-wrap elementor-element-populated\">\n\t\t\t\t\t\t<div class=\"elementor-element elementor-element-041dc3a elementor-widget elementor-widget-image\" data-id=\"041dc3a\" data-element_type=\"widget\" data-e-type=\"widget\" data-widget_type=\"image.default\">\n\t\t\t\t<div class=\"elementor-widget-container\">\n\t\t\t\t\t\t\t\t\t\t\t\t\t\t\t<img decoding=\"async\" width=\"731\" height=\"1024\" src=\"https:\/\/fofo-velo.com\/wp-content\/uploads\/2023\/08\/VTT-mag-2013-N\u00b0181-31-731x1024.jpg\" class=\"attachment-large size-large wp-image-63\" alt=\"\" srcset=\"https:\/\/fofo-velo.com\/wp-content\/uploads\/2023\/08\/VTT-mag-2013-N\u00b0181-31-731x1024.jpg 731w, https:\/\/fofo-velo.com\/wp-content\/uploads\/2023\/08\/VTT-mag-2013-N\u00b0181-31-214x300.jpg 214w, https:\/\/fofo-velo.com\/wp-content\/uploads\/2023\/08\/VTT-mag-2013-N\u00b0181-31-768x1075.jpg 768w, https:\/\/fofo-velo.com\/wp-content\/uploads\/2023\/08\/VTT-mag-2013-N\u00b0181-31.jpg 810w\" sizes=\"(max-width: 731px) 100vw, 731px\" \/>\t\t\t\t\t\t\t\t\t\t\t\t\t\t\t<\/div>\n\t\t\t\t<\/div>\n\t\t\t\t\t<\/div>\n\t\t<\/div>\n\t\t\t\t<div class=\"elementor-column elementor-col-50 elementor-top-column elementor-element elementor-element-bfd8401\" data-id=\"bfd8401\" data-element_type=\"column\" data-e-type=\"column\">\n\t\t\t<div class=\"elementor-widget-wrap\">\n\t\t\t\t\t\t\t<\/div>\n\t\t<\/div>\n\t\t\t\t\t<\/div>\n\t\t<\/section>\n\t\t\t\t<\/div>\n\t\t","protected":false},"excerpt":{"rendered":"<p>Michel Forestier Pionnier du VTT dans le Jura, FOFO \u00ab Michel FORESTIER \u00bb aime partager cette passion du VTT et du ski de fond dans cet environnement particuli\u00e8rement adapt\u00e9 du Massif du Jura. Premier Fran\u00e7ais de l\u2019histoire du Mountain Bike, \u00e0 obtenir le titre de \u00ab Champion du Monde de VTT \u00bb en 1987 \u00e0 [&hellip;]<\/p>\n","protected":false},"author":1,"featured_media":0,"parent":0,"menu_order":0,"comment_status":"closed","ping_status":"closed","template":"elementor_header_footer","meta":{"footnotes":""},"class_list":["post-47","page","type-page","status-publish","hentry"],"_links":{"self":[{"href":"https:\/\/fofo-velo.com\/index.php?rest_route=\/wp\/v2\/pages\/47","targetHints":{"allow":["GET"]}}],"collection":[{"href":"https:\/\/fofo-velo.com\/index.php?rest_route=\/wp\/v2\/pages"}],"about":[{"href":"https:\/\/fofo-velo.com\/index.php?rest_route=\/wp\/v2\/types\/page"}],"author":[{"embeddable":true,"href":"https:\/\/fofo-velo.com\/index.php?rest_route=\/wp\/v2\/users\/1"}],"replies":[{"embeddable":true,"href":"https:\/\/fofo-velo.com\/index.php?rest_route=%2Fwp%2Fv2%2Fcomments&post=47"}],"version-history":[{"count":13,"href":"https:\/\/fofo-velo.com\/index.php?rest_route=\/wp\/v2\/pages\/47\/revisions"}],"predecessor-version":[{"id":70,"href":"https:\/\/fofo-velo.com\/index.php?rest_route=\/wp\/v2\/pages\/47\/revisions\/70"}],"wp:attachment":[{"href":"https:\/\/fofo-velo.com\/index.php?rest_route=%2Fwp%2Fv2%2Fmedia&parent=47"}],"curies":[{"name":"wp","href":"https:\/\/api.w.org\/{rel}","templated":true}]}}

<div data-elementor-type="wp-page" data-elementor-id="47" class="elementor elementor-47" data-elementor-post-type="page">
						<section class="elementor-section elementor-top-section elementor-element elementor-element-84ccdd4 elementor-section-boxed elementor-section-height-default elementor-section-height-default" data-id="84ccdd4" data-element_type="section" data-e-type="section">
						<div class="elementor-container elementor-column-gap-default">
					<div class="elementor-column elementor-col-100 elementor-top-column elementor-element elementor-element-6fc7ecc" data-id="6fc7ecc" data-element_type="column" data-e-type="column">
			<div class="elementor-widget-wrap elementor-element-populated">
						<div class="elementor-element elementor-element-54e3f58 elementor-widget elementor-widget-heading" data-id="54e3f58" data-element_type="widget" data-e-type="widget" data-widget_type="heading.default">
				<div class="elementor-widget-container">
					<h2 class="elementor-heading-title elementor-size-default">Michel Forestier</h2>				</div>
				</div>
					</div>
		</div>
					</div>
		</section>
				<section class="elementor-section elementor-top-section elementor-element elementor-element-44fdd599 elementor-section-content-middle elementor-reverse-mobile elementor-section-boxed elementor-section-height-default elementor-section-height-default" data-id="44fdd599" data-element_type="section" data-e-type="section">
						<div class="elementor-container elementor-column-gap-no">
					<div class="elementor-column elementor-col-50 elementor-top-column elementor-element elementor-element-1515c7a1" data-id="1515c7a1" data-element_type="column" data-e-type="column">
			<div class="elementor-widget-wrap elementor-element-populated">
						<div class="elementor-element elementor-element-1afb5dcb elementor-widget elementor-widget-text-editor" data-id="1afb5dcb" data-element_type="widget" data-e-type="widget" data-widget_type="text-editor.default">
				<div class="elementor-widget-container">
									<p>Pionnier du VTT dans le Jura, FOFO « Michel FORESTIER »</p><p>aime partager cette passion du VTT et du ski de fond dans cet environnement particulièrement adapté du Massif du Jura.</p><p>Premier Français de l’histoire du Mountain Bike, à obtenir le titre de « Champion du Monde de VTT » en 1987 à Villard de Lans. Et une deuxième fois en 1988 à Aminona en Suisse.</p><p>Il organise beaucoup de manifestations VTT, et autres randonnées ou compétitions et crée la désormais célèbre « LA FORESTIERE ».</p><p>Avec la FFC, il met en place les compétitions longues distances.</p><p>Dans le même temps, il développe le club « VTT MASSIF JURA » avec l’école VTT pour les plus jeunes. De nombreux pilotes issus de ce club se sont distingués sur les compétitions régionales ou nationales.</p><p>Il est accompagnateur VTT et SKI de Fond</p>								</div>
				</div>
					</div>
		</div>
				<div class="elementor-column elementor-col-50 elementor-top-column elementor-element elementor-element-751b9bc7" data-id="751b9bc7" data-element_type="column" data-e-type="column">
			<div class="elementor-widget-wrap elementor-element-populated">
						<div class="elementor-element elementor-element-2485d615 elementor-widget elementor-widget-image" data-id="2485d615" data-element_type="widget" data-e-type="widget" data-widget_type="image.default">
				<div class="elementor-widget-container">
															<img fetchpriority="high" decoding="async" width="912" height="1072" src="https://fofo-velo.com/wp-content/uploads/2023/08/88-Photo-fofoBertin1.jpg" class="attachment-full size-full wp-image-62" alt="" srcset="https://fofo-velo.com/wp-content/uploads/2023/08/88-Photo-fofoBertin1.jpg 912w, https://fofo-velo.com/wp-content/uploads/2023/08/88-Photo-fofoBertin1-255x300.jpg 255w, https://fofo-velo.com/wp-content/uploads/2023/08/88-Photo-fofoBertin1-871x1024.jpg 871w, https://fofo-velo.com/wp-content/uploads/2023/08/88-Photo-fofoBertin1-768x903.jpg 768w" sizes="(max-width: 912px) 100vw, 912px" />															</div>
				</div>
					</div>
		</div>
					</div>
		</section>
				<section class="elementor-section elementor-top-section elementor-element elementor-element-5b2a0a2 elementor-section-boxed elementor-section-height-default elementor-section-height-default" data-id="5b2a0a2" data-element_type="section" data-e-type="section">
						<div class="elementor-container elementor-column-gap-default">
					<div class="elementor-column elementor-col-50 elementor-top-column elementor-element elementor-element-57715ff" data-id="57715ff" data-element_type="column" data-e-type="column">
			<div class="elementor-widget-wrap elementor-element-populated">
						<div class="elementor-element elementor-element-041dc3a elementor-widget elementor-widget-image" data-id="041dc3a" data-element_type="widget" data-e-type="widget" data-widget_type="image.default">
				<div class="elementor-widget-container">
															<img decoding="async" width="731" height="1024" src="https://fofo-velo.com/wp-content/uploads/2023/08/VTT-mag-2013-N°181-31-731x1024.jpg" class="attachment-large size-large wp-image-63" alt="" srcset="https://fofo-velo.com/wp-content/uploads/2023/08/VTT-mag-2013-N°181-31-731x1024.jpg 731w, https://fofo-velo.com/wp-content/uploads/2023/08/VTT-mag-2013-N°181-31-214x300.jpg 214w, https://fofo-velo.com/wp-content/uploads/2023/08/VTT-mag-2013-N°181-31-768x1075.jpg 768w, https://fofo-velo.com/wp-content/uploads/2023/08/VTT-mag-2013-N°181-31.jpg 810w" sizes="(max-width: 731px) 100vw, 731px" />															</div>
				</div>
					</div>
		</div>
				<div class="elementor-column elementor-col-50 elementor-top-column elementor-element elementor-element-bfd8401" data-id="bfd8401" data-element_type="column" data-e-type="column">
			<div class="elementor-widget-wrap">
							</div>
		</div>
					</div>
		</section>
				</div>

<p>Michel Forestier Pionnier du VTT dans le Jura, FOFO « Michel FORESTIER » aime partager cette passion du VTT et du ski de fond dans cet environnement particulièrement adapté du Massif du Jura. Premier Français de l’histoire du Mountain Bike, à obtenir le titre de « Champion du Monde de VTT » en 1987 à [&hellip;]</p>
